 j(f) = -10*f**2 - 37*f - 7. What is j(-3)?
14
Let n(t) = t**3 + 38*t**2 - 46*t - 264. What is n(-39)?
9
Let f(m) = 3681*m - 25753. What is f(7)?
14
Let b(v) = -1210*v - 22971. Give b(-19).
19
Let u(n) = -2*n**3 + n**2 + 64*n - 65. Give u(1).
-2
Let v(m) = 439*m + 5269. Determine v(-12).
1
Let o(a) = -a**2 - 23*a - 80. Determine o(-15).
40
Let h(a) = 2*a**3 + a**2 + a - 155. What is h(0)?
-155
Let a(i) = 76*i - 2587. Calculate a(34).
-3
Let b(o) = -2*o**3 + 121*o**2 + 447*o + 67. Calculate b(64).
3
Let r(q) = -q**2 - 35*q + 2207. Determine r(32).
63
Let t(o) = -10331*o + 41341. What is t(4)?
17
Let z(x) = 2*x**3 + 6*x + 4. What is z(-3)?
-68
Let m(r) = -2*r**3 + 165*r**2 - 83*r - 77. Calculate m(82).
-159
Let g(w) = 4*w**3 + 166*w**2 - 133*w - 2055. Calculate g(-42).
3
Let y(o) = 2*o**3 + 101*o**2 - 155*o - 5310. Give y(-51).
-6
Let m(b) = b**2 - 38*b - 148. Give m(41).
-25
Let z(x) = 52*x**2 + 353*x - 92. Calculate z(-7).
-15
Let f(h) = 256*h + 618. Give f(-2).
106
Let g(u) = -u**3 - 42*u**2 - 208*u + 16. Determine g(-6).
-32
Let t(c) = 14*c - 63. What is t(7)?
35
Let w(j) = -j**3 + 28*j**2 + 2*j - 45. Determine w(28).
11
Let s(r) = 240*r**2 + 405*r + 812. Calculate s(-2).
962
Let l(f) = -11*f + 339. Calculate l(31).
-2
Let d(s) = s**3 - 46*s**2 + 222*s - 4002. What is d(43)?
-3
Let f(l) = 3*l**3 + 18*l**2 + 4*l - 17. Calculate f(-7).
-192
Let j(i) = -44*i - 426. Give j(-5).
-206
Let r(l) = 23*l - 160. Determine r(13).
139
Let l(d) = d**3 - 115*d**2 + 962*d - 858. Calculate l(106).
-10
Let g(s) = s**3 + 61*s**2 - 20*s + 2572. Give g(-62).
-32
Let n(s) = 2908*s - 107587. Give n(37).
9
Let r(o) = -35*o**2 + 13*o + 21. What is r(-2)?
-145
Let v(w) = -w**3 - 5*w**2 - 5*w - 10. Calculate v(-4).
-6
Let z(v) = -9*v**2 + 54*v + 1. Calculate z(7).
-62
Let s(o) = -o**3 + 3*o**2 + 11*o - 24. What is s(6)?
-66
Let i(q) = -q**2 + 381*q - 3. Give i(0).
-3
Let d(i) = -161*i + 31. Determine d(-1).
192
Let x(m) = 9427*m - 122549. Give x(13).
2
Let f(p) = -3*p**2 + 359*p + 1515. Give f(124).
-97
Let v(a) = -478*a**2 + 39673*a + 106. Give v(83).
23
Let y(o) = 10*o**2 - 262*o - 2235. Give y(33).
9
Let q(l) = -4*l**3 - l**2 + 10*l - 9. What is q(2)?
-25
Let t(x) = x**2 - 26*x - 341. What is t(37)?
66
Let g(t) = 4*t**2 - 2*t - 42. Give g(7).
140
Let s(j) = -j**2 + 95*j - 1307. Calculate s(78).
19
Let z(r) = -2*r**3 + 11*r**2 + 7*r - 43. Give z(3).
23
Let q(c) = -2*c**3 + 54*c**2 - 48*c - 121. Determine q(26).
-17
Let k(h) = 17*h - 155. What is k(4)?
-87
Let s(k) = 9*k - 73. Determine s(12).
35
Let m(p) = -3*p**3 - 37*p**2 - 24*p + 34. Determine m(-12).
178
Let j(u) = u**3 - u**2 - 11*u - 14. Calculate j(-6).
-200
Let u(f) = -6*f**2 + 698*f - 258. Give u(116).
-26
Let d(f) = -39990*f - 39982. Determine d(-1).
8
Let m(h) = -33*h**2 + 437*h + 35. Determine m(15).
-835
Let k(z) = -203*z - 11592. Give k(-57).
-21
Let y(u) = u**3 + 3*u**2 + 40*u + 180. Give y(-4).
4
Let s(h) = -9*h**3 - 27*h**2 - 20*h - 56. Determine s(-3).
4
Let k(s) = 58*s - 195. Give k(8).
269
Let r(n) = -49*n - 27. Determine r(-2).
71
Let n(l) = l**2 - 42*l + 335. Calculate n(12).
-25
Let w(g) = -15*g - 607. Determine w(-42).
23
Let z(r) = 53*r**2 - 5*r + 1. Determine z(-2).
223
Let u(d) = 39*d**2 - 3*d. What is u(3)?
342
Let u(w) = 2613*w - 26133. Give u(10).
-3
Let z(d) = 18*d + 126. Give z(-18).
-198
Let v(j) = j**3 - 17*j**2 - 34*j + 588. Calculate v(17).
10
Let w(g) = 2*g**2 - 46*g - 23. Determine w(28).
257
Let n(f) = -f**3 + 20*f**2 - 168*f - 6. Give n(10).
-686
Let i(q) = -6*q**3 + 397*q**2 - 58*q - 543. Calculate i(66).
-15
Let a(f) = 2*f**3 - 30*f**2 + 40*f - 27. Give a(15).
573
Let i(u) = -31*u**2 - 16*u + 21. Calculate i(3).
-306
Let z(b) = -12*b**2 + 204*b - 4. Determine z(17).
-4
Let z(w) = -w**3 + 38*w**2 - 38*w + 129. Calculate z(37).
92
Let w(h) = h**2 - 204*h + 3490. Determine w(19).
-25
Let r(j) = -2*j**3 - 270*j**2 - 1298*j + 249. Calculate r(-130).
-11
Let a(u) = -2*u**2 + 172*u + 3784. Give a(-18).
40
Let z(q) = q**3 - 15*q**2 + 58*q - 233. What is z(12)?
31
Let v(c) = 34*c**3 + 2*c**2 + 17*c + 21. What is v(-2)?
-277
Let n(b) = b**3 - 4*b**2 - 28*b - 30. Determine n(-3).
-9
Let d(j) = 3*j**3 - 124*j**2 - 89*j + 207. Give d(42).
-3
Let q(m) = -50*m + 1756. Determine q(35).
6
Let g(h) = -5*h**2 + 8*h - 75. What is g(8)?
-331
Let q(b) = 114*b - 631. Give q(5).
-61
Let b(f) = -1177*f - 20003. Give b(-17).
6
Let i(j) = 510*j - 6952. Give i(14).
188
Let h(i) = 83*i - 2355. What is h(29)?
52
Let z(j) = -1086*j + 1159. What is z(1)?
73
Let p(x) = -5*x**2 + 101*x - 176. What is p(18)?
22
Let r(g) = 258*g + 1767. Determine r(-8).
-297
Let y(x) = -x**2 + 4*x + 18. What is y(10)?
-42
Let k(j) = j**3 + 30*j**2 - 35*j - 123. Calculate k(-31).
1
Let v(y) = 2*y**3 + 3*y**2 - 9*y + 29. What is v(6)?
515
Let d(a) = -a**3 - 73*a**2 + 76*a + 152. What is d(-74)?
4
Let j(w) = 36*w**3 + 142*w**2 + 5*w - 3. Give j(-4).
-55
Let h(b) = -44*b - 53. Calculate h(-6).
211
Let f(j) = j**3 + 10*j**2 + 8*j - 3. What is f(0)?
-3
Let k(z) = -2405*z + 105850. Give k(44).
30
Let x(j) = 40*j - 3269. Determine x(82).
11
Let a(j) = -j**2 + 1762*j + 14173. Calculate a(-8).
13
Let t(g) = 158*g - 3221. What is t(22)?
255
Let j(d) = 2*d**3 - 4*d**2 + 6. What is j(-1)?
0
Let v(p) = -49*p**2 + 14*p - 29. Calculate v(-4).
-869
Let j(m) = 97*m - 3200. What is j(33)?
1
Let l(w) = 2*w**2 + 56*w + 145. Calculate l(-27).
91
Let w(k) = -167*k**2 - 38*k - 41. What is w(-1)?
-170
Let d(z) = 6*z**2 - 63*z + 28. Give d(10).
-2
Let b(f) = -f**3 - 41*f**2 + 41*f + 101. What is b(-42)?
143
Let k(w) = -1804*w + 63161. Calculate k(35).
21
Let g(n) = 8*n**2 + 32*n + 130. What is g(-4)?
130
Let s(k) = 2*k**3 + 26*k**2 - 28*k + 34. Determine s(-14).
34
Let l(q) = -458*q - 18764. What is l(-41)?
14
Let d(m) = 5*m**3 - 20*m**2 - 2*m + 4. Give d(3).
-47
Let x(p) = -p**3 + 8*p**2 + 774*p - 102. Determine x(32).
90
Let s(y) = -5*y**3 + 2*y**2 + 28*y + 2. Give s(-3).
71
Let m(v) = 28*v**2 + 17*v + 2. Determine m(1).
47
Let f(r) = -282*r**3 + 2*r**2 - 2*r - 3. What is f(-1)?
283
Let p(k) = -k**2 + 59*k + 1673. Calculate p(-21).
-7
Let o(l) = 36*l + 127. Determine o(6).
343
Let t(i) = -i**2 + 18*i + 34. Calculate t(-12).
-326
Let j(x) = x**3 - 44*x - 93. Calculate j(-5).
2
Let v(m) = m**3 + 158*m**2 - 72*m + 13842. Determine v(-159).
9
Let h(u) = -19*u + 304. Determine h(20).
-76
Let m(j) = -2*j**2 - 10*j + 45. Determine m(3).
-3
Let x(d) = d**2 - 34*d - 315. What is x(39)?
-120
Let t(b) = 13*b**2 + 78*b + 4. Calculate t(-7).
95
Let f(n) = -n**3 - 89*n**2 + 178*n - 484. What is f(-91)?
-120
Let c(l) = l**3 + 23*l**2 + 9*l + 56. Calculate c(-23).
-151
Let i(q) = 247*q + 3960. Calculate i(-16).
8
Let f(q) = 9*q**3 + 3*q**2 - 15*q - 18. Give f(-1).
-9
Let w(n) = 118*n**3 - 21*n**2 - 8*n - 2. Give w(-1).
-133
Let t(b) = b**3 - 35*b**2 - 27*b - 327. What is t(36)?
-3
Let r(g) = -8*g**2 + 126*g - 276. Calculate r(13).
10
Let w(n) = 5*n**3 + 16*n**2 + 10*n + 20. Determine w(-3).
-1
Let z(y) = 2*y**2 + 88*y - 949. Give z(9).
5
Let u(j) = 9*j**2 + 26*j - 106. What is u(3)?
53
Let h(m) = -2*m**2 + 36*m + 294. Determine h(-8).
-122
Let n(a) = a**3 - 13*a**2 + 14*a + 63. Determine n(11).
-25
Let f(h) = -2*h**3 - 229*h**2 - 562*h - 248. Calculate f(-112).
-24
Let s(a) = -240*a + 471. What is s(2)?
-9
Let b(n) = 9*n**2 - 1441*n + 4390. Calculate b(157).
-6
Let z(t) = -t**3 + 90*t + 16. Give z(-9).
-65
Let f(n) = -2*n - 180. What is f(-35)?
-110
Let w(d) = d**3 - 5*d**2 - 123*d - 49. Calculate w(14).
-7
Let v(i) = 4820*i - 9629. Calculate v(2).
11
Let n(h) = -20*h**2 - 55*h - 4. Give n(-3).
-19
Let a(u) = 9*u**2 + 960*u - 1288. Calculate a(-108).
8
Let d(y) = y**2 + 53*y - 2314. What is d(29)?
64
Let j(p) = -p**3 - 37*p**2 - 189*p + 635. Determine j(-30).
5
Let i(p) = p**2 + 81*p - 3913. What is i(34)?
-3
Let k(r) = -16*r**2 + 639*r - 1735. What is k(37)?
4
Let c(r) = -4*r**3 - 5*r**2 + 12*r - 4. Give c(2).
-32
Let x(o) = -2*o**2 + 78*o + 188. What is x(36)?
404
Let d(r) = -537*r - 8066. Give d(-15).
-11
Let y(l) = 664*l - 132797. Give y(200).
3
Let n(t) = -t**3 + 32*t**2 - 139*t + 103. Calculate n(27).
-5
Let u(n) = -3*n**3 + 3*n**2 + 14*n - 12. Determine u(5).
-242
Let l(j) = 3*j**2 - 72*j - 232. Determine l(-3).
11
Let s(m) = m**2 - 119*m + 1067. What is